679771 a prime number?
True
Is 105211993 composite?
False
Is 47478479 composite?
False
Is 82740971 prime?
True
Is 2783123 a composite number?
True
Is 27254527 a prime number?
True
Is 3810931 a composite number?
False
Is 28130539 prime?
False
Is 5282273 prime?
True
Is 279219957 a composite number?
True
Is 7538147 prime?
True
Is 348899165 a prime number?
False
Is 3645223 a prime number?
False
Is 32911727 a prime number?
False
Is 1679261 composite?
False
Is 20368429 a prime number?
False
Is 30133501 prime?
True
Is 821183 prime?
False
Is 63115487 a composite number?
False
Is 7399277 a composite number?
True
Is 9534617 a prime number?
False
Is 785161 a prime number?
False
Is 3071723 a composite number?
False
Is 21121313 composite?
True
Is 116001071 a prime number?
True
Is 6239131 a prime number?
True
Is 21841286 a composite number?
True
Is 1144081 a composite number?
False
Is 149603 prime?
True
Is 1159187 composite?
False
Is 7670867 prime?
False
Is 10907279 prime?
False
Is 4867399 prime?
True
Is 3912383 a composite number?
True
Is 8094299 composite?
False
Is 7816373 a composite number?
True
Is 381014629 a composite number?
True
Is 100386665 composite?
True
Is 882811 a composite number?
True
Is 37210087 a composite number?
False
Is 37299889 prime?
False
Is 982571 prime?
True
Is 297483241 a composite number?
True
Is 627738059 prime?
False
Is 181863035 prime?
False
Is 41373683 prime?
False
Is 2169029 a composite number?
False
Is 2078971 a prime number?
True
Is 137788837 composite?
True
Is 11727613 a composite number?
True
Is 323019605 composite?
True
Is 137855021 prime?
True
Is 18779167 a prime number?
False
Is 30811318 a composite number?
True
Is 85226815 composite?
True
Is 4460701 composite?
True
Is 1722467 prime?
False
Is 5508721 prime?
True
Is 55511 a composite number?
False
Is 27464051 a prime number?
True
Is 156549133 a composite number?
True
Is 56521427 a composite number?
False
Is 4379797 composite?
False
Is 20475941 a prime number?
True
Is 7826219 a prime number?
False
Is 22717903 a composite number?
True
Is 1448659 prime?
True
Is 2439992329 a prime number?
False
Is 1400557 a prime number?
True
Is 114825811 a prime number?
True
Is 75036239 a prime number?
True
Is 4686091 a composite number?
True
Is 1101895807 a composite number?
True
Is 609043 a composite number?
False
Is 22304429 a prime number?
False
Is 1700423 a composite number?
False
Is 6490399 prime?
False
Is 91229 prime?
True
Is 43663 a composite number?
True
Is 4051309 prime?
True
Is 24318163 composite?
False
Is 210798199 prime?
True
Is 4912837 prime?
True
Is 146111 a composite number?
True
Is 47139749 composite?
False
Is 55051921 composite?
True
Is 55599419 prime?
False
Is 5566493 a composite number?
True
Is 52817365 a prime number?
False
Is 81190909 prime?
False
Is 18092951 composite?
True
Is 13060747 composite?
True
Is 43092785 a composite number?
True
Is 26124961 a prime number?
True
Is 13588111 composite?
True
Is 13352099 prime?
False
Is 2819269 a composite number?
False
Is 19795331 composite?
False
Is 632683 a prime number?
True
Is 89367 prime?
False
Is 7895167 composite?
True
Is 12784409 prime?
False
Is 542047 prime?
False
Is 3176546 a prime number?
False
Is 13386899 a prime number?
False
Is 2465267 a composite number?
True
Is 13843369 prime?
False
Is 83018227 a prime number?
False
Is 540761 composite?
True
Is 5948531 a prime number?
False
Is 1338329 a composite number?
True
Is 4968487 a composite number?
False
Is 39515713 a composite number?
False
Is 5210507 a composite number?
False
Is 2262593 prime?
True
Is 2056421 a composite number?
False
Is 4346341 a prime number?
True
Is 43018841 a prime number?
True
Is 48096551 a composite number?
True
Is 42104389 a prime number?
True
Is 2057309 prime?
True
Is 16400737 a composite number?
False
Is 101882643 prime?
False
Is 1661431 prime?
True
Is 548827 prime?
True
Is 1217761 a composite number?
True
Is 13896907 a composite number?
False
Is 14728973 a prime number?
False
Is 2389657 a composite number?
False
Is 11110313 composite?
False
Is 26987291 a composite number?
False
Is 5562443 composite?
True
Is 33145807 prime?
False
Is 6589883 a prime number?
True
Is 3599369 composite?
False
Is 9712483 a composite number?
True
Is 7053533 a prime number?
True
Is 7588603 composite?
True
Is 126667 prime?
False
Is 1654481 composite?
True
Is 49671733 a composite number?
False
Is 19825157 a composite number?
True
Is 1054409747 composite?
False
Is 137059357 a prime number?
False
Is 1031047 prime?
True
Is 24786283 a prime number?
True
Is 476963 composite?
True
Is 5630813 prime?
True
Is 9935381 a composite number?
False
Is 121527797 prime?
False
Is 86393071 a composite number?
False
Is 2933219 a composite number?
False
Is 446256169 prime?
True
Is 5122769 a prime number?
False
Is 23004305 a prime number?
False
Is 4939289 a composite number?
False
Is 5627899 prime?
True
Is 2757817 a prime number?
True
Is 458621 prime?
True
Is 6481693 composite?
False
Is 27533579 a composite number?
False
Is 3719369 prime?
False
Is 122920537 a prime number?
True
Is 5870089 a prime number?
True
Is 2366282 a composite number?
True
Is 1542185 composite?
True
Is 578521 a composite number?
True
Is 14070557 composite?
False
Is 28853263 a prime number?
True
Is 8707241 a composite number?
False
Is 112911157 prime?
False
Is 24281893 prime?
True
Is 218247706 a prime number?
False
Is 142939131 prime?
False
Is 5494427 a prime number?
False
Is 19956641 a prime number?
True
Is 1160715623 composite?
False
Is 1174781 prime?
True
Is 899377 a composite number?
True
Is 66172037 composite?
True
Is 44718431 prime?
False
Is 22366469 prime?
False
Is 191315317 composite?
True
Is 256898 prime?
False
Is 83921155 prime?
False
Is 10437521 composite?
False
Is 18282619 composite?
False
Is 47732759 a composite number?
False
Is 103466435 prime?
False
Is 294510991 a composite number?
False
Is 59485399 composite?
False
Is 293218 a prime number?
False
Is 16284157 a composite number?
True
Is 326352643 prime?
False
Is 177337 a prime number?
True
Is 44835865 a composite number?
True
Is 3722767 a composite number?
False
Is 14720126 prime?
False
Is 1599961 composite?
True
Is 306332849 a prime number?
False
Is 10340993 composite?
True
Is 47894107 a prime number?
False
Is 9003859 prime?
True
Is 14402671 a prime number?
True
Is 1882027 a composite number?
True
Is 2839007 a composite number?
False
Is 40372729 prime?
True
Is 13189559 a composite number?
False
Is 945635 prime?
False
Is 350505887 composite?
False
Is 1657519 a composite number?
False
Is 1386787 a prime number?
True
Is 1789107 composite?
True
Is 1317101 a prime number?
False
Is 23823061 a composite number?
False
Is 481981 a prime number?
False
Is 7270867 a prime number?
False
Is 256693337 composite?
False
Is 163141235 composite?
True
Is 6976033 a composite number?
False
Is 16107089 a prime number?
False
Is 571171262 a prime number?
False
Is 129168979 prime?
True
Is 102839999 composite?
False
Is 10759909 composite?
True
Is 45122387 prime?
False
Is 3949823 composite?
True
Is 43340527 prime?
False
Is 1120001 prime?
True
Is 31568267 prime?
True
Is 2988661 composite?
True
Is 54053309 prime?
False
Is 5876443 a prime number?
True
Is 20348389 a prime number?
False
Is 127107529 a composite number?
False
Is 390360557 a prime number?
True
Is 39512579 prime?
True
Is 39621217 a composite number?
True
Is 5174803 a composite number?
False
Is 159929449 a prime number?
False
Is 1716139 a prime number?
True
Is 727545505 prime?
False
Is 22099169 composite?
False
Is 5403209 composite?
True
Is 322849 composite?
False
Is 6582203 a composite number?
True
Is 28200013 composite?
False
Is 1375337 prime?
True
Is 5963669 a composite number?
False
Is 57011531 a composite number?
True
Is 16896733 a prime number?
False
Is 380148001 composite?
False
Is 22519913 prime?
False
Is 37077617 a composite number?
False
Is 57382694 prime?
False
Is 56520197 prime?
True
Is 25349 prime?
True
Is 60397301 prime?
False
Is 1077847 a composite number?
True
Is 2093437 composite?
True
Is 52189183 a prime number?
False
Is 14916329 prime?
True
Is 22529987 composite?
False
Is 4750813 a composite number?
False
Is 164664991 prime?
True
Is 23829161 a prime number?
True
Is 613589 a prime number?
False
Is 148